w = -10 + 10. Does 6 divide 2/4*(w - -36)?
True
Suppose 28*g - 8140 = 6*g. Is 30 a factor of g?
False
Let b be -7 + 10 + 0 + -2. Is 9 - ((-1)/1)/b a multiple of 5?
True
Let l be (-1)/4 - 5/(-20). Suppose -10 = -3*f - w - l*w, 4*f - 5*w = -12. Is 8/(f + (-16)/10) a multiple of 14?
False
Suppose -5*k - 8 = j + 40, 54 = -5*k + 2*j. Let u = k + 28. Is 18 a factor of u?
True
Suppose 5*j + 20 = x, 2*j = -x - 2 - 13. Let f = j + 7. Let c = f - -2. Does 3 divide c?
False
Let s be -2*(-2)/(-4) + 18. Let p = -12 + s. Suppose -p*t - 3*y + 6*y + 239 = 0, -5*y = 15. Is 23 a factor of t?
True
Let o(h) = -26*h + 1. Let t = -4 - -2. Is o(t) a multiple of 22?
False
Suppose 18 + 18 = -4*u. Let l = u - -46. Is l a multiple of 13?
False
Suppose -2*v = -0*v + 120. Let k = 91 + v. Is 13 a factor of k?
False
Let r = 176 - 52. Does 35 divide r?
False
Let b(h) = -8*h - 10. Let g be b(-11). Suppose 3*y - g = 309. Does 27 divide y?
False
Suppose 5*v = -0*v. Suppose v = -3*a - a. Suppose a*p + 4*p - y = 82, -3*p - 2*y = -56. Is p a multiple of 8?
False
Suppose -7 + 19 = j. Suppose j = 4*i - i. Suppose i*m - l - 24 = -3, -5*l = -m + 10. Is 3 a factor of m?
False
Suppose -5*a + a + 16 = 0. Is (2 - 3)/(a/(-232)) a multiple of 17?
False
Suppose 0*t = -2*t + 2*z + 46, 0 = -3*t - 4*z + 48. Does 8 divide t?
False
Suppose 3*v = -i + 37, -5*v - 5*i + 29 = -36. Suppose -75 = -3*g - v. Does 10 divide g?
False
Suppose -4*x - 3*c + 0 = -29, 2*x = -4*c + 22. Suppose x*m - 350 = -20. Is m a multiple of 23?
False
Let r = -5 + 5. Suppose r = -j + 5*j + 20. Is 5 a factor of 53/6 + j/(-30)?
False
Let a = 5 + -3. Let h be 5 - (a - 2)/1. Suppose -5*x - 54 = -4*c, 0*c - h*x = -c + 6. Is 11 a factor of c?
False
Suppose 4*s - 3*a - 111 = 0, -s + a = 3*s - 117. Is 30 a factor of s?
True
Let m be (20/(-6))/(6/(-9)). Let r = 33 - m. Let t = r + -11. Is t a multiple of 9?
False
Suppose f - 142 = -3*o, 6*f = o + 4*f - 52. Is 12 a factor of o?
True
Let t(i) = -i**2 + 11*i - 3. Let p be ((-10)/3)/(2/(-6)). Is 7 a factor of t(p)?
True
Let l(k) = 5*k**2 + 8*k. Is 39 a factor of l(-5)?
False
Suppose 0 = -w + 17 + 33. Is 7 a factor of w?
False
Let p be 16/1 - -1*2. Let s = p - -9. Does 6 divide (-9)/((s/6)/(-3))?
True
Let h be (-4)/(-2)*(-3)/2. Let k = 9 + h. Does 2 divide k?
True
Suppose -r = -3*a + 8, -2*r + 4 = -4*r. Let f = 5 - a. Suppose 15 = q + f*g, 9 + 0 = q + g. Is 5 a factor of q?
False
Let c(b) = 2*b**2 + 10*b - 5. Is c(4) a multiple of 27?
False
Let a(u) = -4*u**2 - 9*u + 9. Let y(x) = -x**2 - x. Let f(j) = -a(j) + 2*y(j). Is f(-7) a multiple of 20?
True
Let r be -1 + 3 - 0/(-2). Suppose -3*z - 200 = r*v + z, -104 = v + 4*z. Is -2*1 + v/(-3) a multiple of 10?
True
Let j(s) be the first derivative of s**3/3 - 10*s - 4. Is 15 a factor of j(-5)?
True
Let s(i) = -11*i - 36. Is 6 a factor of s(-12)?
True
Let a(o) = -3*o + 3*o + 3*o + 2. Let v be a(9). Let x = 59 - v. Does 15 divide x?
True
Is 10 a factor of (-40)/30*(-2 - 22/4)?
True
Let h be (708/48)/((-2)/(-8)). Let w = h + 12. Is 15 a factor of w?
False
Suppose 6*p = 2*p + 24. Let a(g) be the second derivative of g**4/12 - g**3/3 - 7*g**2/2 + g. Does 10 divide a(p)?
False
Let p(t) = -t - 1. Let i be p(-7). Suppose n - 4*n - 54 = 0. Is 9 a factor of (-1 + i)*n/(-10)?
True
Let o be 4/6 - 74/(-6). Let c = o - -15. Is c a multiple of 12?
False
Is 220 - ((-4 - -13) + -5) a multiple of 15?
False
Let p be (9/12)/((-2)/72). Let a be p + -2 + 1 + 1. Let c = a - -61. Is c a multiple of 17?
True
Let q(r) = r**2 - r - 15. Let l be q(7). Let j = 44 + l. Does 23 divide j?
False
Let i(a) = -184*a**2 - 3*a. Let h(c) = 61*c**2 + c. Let q(s) = -17*h(s) - 6*i(s). Does 20 divide q(1)?
False
Let n = 741 - 445. Suppose -4*t - n = -5*k + k, -5*t - 163 = -2*k. Is 26 a factor of k?
False
Let v(t) = 3*t**2 + 4*t - 3. Suppose 0*k + k = 5*y + 18, 2*k + 4*y = -6. Does 11 divide v(k)?
False
Let b be 14/63 + 2/(-9). Suppose 2*f - 20 = -c, -5*c - 20 = -b*c. Is 6 a factor of f?
True
Let m be 1*(-5)/((-10)/8). Let q be 2/(-8) + 21/m. Suppose -q*n + 24 = -3*t, 3*t - 7*t = 12. Is 2 a factor of n?
False
Suppose -3*i = 6 + 6. Let j = i - -16. Let r = -5 + j. Is 7 a factor of r?
True
Suppose 4*g = -2*o + 10, -o - 2*g = -g - 4. Is o even?
False
Let d = 13 + -7. Is 4 a factor of d?
False
Suppose -6*j = -3*j - 30. Does 2 divide j?
True
Suppose k + x - 94 - 37 = 0, 2*x + 554 = 4*k. Does 34 divide k?
True
Let w(k) be the first derivative of k**4/4 + k**3/3 - k**2 + 3*k - 1. Is 11 a factor of w(2)?
True
Suppose -o + 0*l + 2 = l, -l = -2*o - 8. Let w be 1*(2/o - -2). Does 17 divide 31/(0 + 0 + w)?
False
Let w = 3 - -2. Let b = w - 3. Is (-768)/(-42) - b/7 a multiple of 13?
False
Let c = 109 + -49. Is 36 a factor of c?
False
Suppose s = -0*s + 5. Suppose 0 = -s*d + 16 + 9. Does 5 divide d?
True
Let b = 110 + -50. Is b a multiple of 30?
True
Suppose -90 = 3*b - 8*b. Is b a multiple of 18?
True
Let u = -112 + 191. Is 5 a factor of u?
False
Let s(t) = -t**3 + 10*t**2 - 7*t - 3. Let w be s(9). Suppose 0 = -3*x - f + 6, 2*x - 3*f - w = -0*x. Is 3 a factor of x?
True
Suppose -p + 0*v + 113 = -3*v, 2*p - 4*v - 228 = 0. Does 29 divide p?
True
Let c be (-12)/10*30/(-9). Suppose 0 = c*s - 29 - 51. Is s a multiple of 10?
True
Let r(w) = 4*w + 1. Let b be r(-1). Let u be (-3)/b + 5 + -1. Suppose 76 = u*v + 2*t - 34, 0 = t. Is v a multiple of 11?
True
Let d = -14 + 7. Let o(b) = -b - 3. Let f be o(d). Let l(u) = 5*u - 3. Is 17 a factor of l(f)?
True
Let i(r) = -r**2 - 14*r - 15. Let g be i(-11). Let a = g - -25. Is a a multiple of 16?
False
Suppose 1 = -5*f - 54. Let u = f - -19. Does 2 divide u?
True
Let y = 5 - 3. Suppose -4*x = -2*o - 52, 0 = 4*x - y*o - o - 54. Does 4 divide x?
True
Suppose 0 = -5*p - 3*s + 84, 2*p - 6 = -4*s + 22. Let y be 224/(-36) + 4/p. Does 3 divide 14/6 + y/(-9)?
True
Suppose -a - 7 = -4*j, 2*a + 2*j - 9 = -3*a. Let z be (-1)/(a - (0 - -2)). Is (-1)/((1/(-15))/z) a multiple of 12?
False
Let q(p) = -p**2 + 21*p + 10. Is q(19) a multiple of 12?
True
Let j be -2 + 4/(4/13). Suppose 0 = a - j + 3. Does 8 divide a?
True
Let t(w) = 3*w**2 + w - 2. Let b be t(-5). Let i be (-4)/(3 - b/22). Let c = i + -14. Is 11 a factor of c?
False
Is 15 a factor of 1/((-8)/20)*-26?
False
Let s be (-2)/(-6) + 28/6. Suppose 0*l = s*l - 95. Suppose 3*f - 121 + l = 0. Does 17 divide f?
True
Let d(b) = -2*b + 9. Let s be d(6). Let r = 2 - s. Suppose r*w - 3 = 17. Is w a multiple of 2?
True
Let r = 365 - 529. Let k be r/(-12) - (-2)/6. Suppose q - 8 = k. Is q a multiple of 22?
True
Suppose -4*n = -0*n + 424. Let t = 149 + n. Is 12 a factor of t?
False
Let q be -14*((-5)/2 - -2). Let h(b) be the first derivative of b**4/4 - 7*b**3/3 + b**2 - 7*b - 16. Is 4 a factor of h(q)?
False
Let g be (-15)/(-25) - (-94)/10. Suppose g = k - 2. Does 6 divide k?
True
Let x(z) = 1. Let h(y) = -3*y. Let v(p) = -3*h(p) + 9*x(p). Does 26 divide v(4)?
False
Suppose 16 = b - 3*w, -b - 3*w - 24 = -4*b. Let s be 4/2 + b/4. Is 27 a factor of 28 - 4*s/(-6)?
False
Let j(u) = -u - 4. Let h be j(-7). Suppose x + 4 = 0, -t + 42 - 14 = -h*x. Does 8 divide t?
True
Let i be ((-10)/(-6))/((-2)/(-30)). Let c = -15 + i. Is 5 a factor of c?
True
Let n be (-1 + 0 - 2) + -1. Let r be n/3*(0 - 3). Suppose 2*f = y + 6, 3*y - r = f + 3. Is f a multiple of 3?
False
Suppose 1 = 2*m + 21. Let x = -6 - m. Suppose 4*g + a - 110 = 0, x*g + 0*g = -4*a + 104. Is 14 a factor of g?
True
Suppose -3 - 1 = -n - 2*p, -n + p = -4. Suppose 3*g + 11 = n*g. Is g a multiple of 11?
True
Let m = -17 - -23. Is m a multiple of 6?
True
Let p(t) = 19*t + 4. Suppose u = -2*u + 6. Does 8 divide p(u)?
False
Let h(t) be the third derivative of -t**7/210 - t**5/15 + t**2. Let y(k) be the third derivative of h(k). Is y(-1) a multiple of 8?
True
Suppose 11 = -5*t + 6*t. Let j = 30 - t. Is j a multiple of 13?
False
Let o(f) = f**3 - 2*f**2 + 1. Let i be o(1). Suppose 2*p + p - 27 = i. Is p a multiple of 4?
False
Let u(h) = 7*h**2 - 2*h + 4. Does 27 divide u(-3)?
False
Let t(j) = -j + 8. Let o be t(7). Is 17 a factor of (0 - 17)/(o/(-3))?
True
Let i be 0 - -2 - (-2 - -10). Let d = i - -11. Suppose 5*n + 11 = -t + n, -d*t + 5 = 5*n. Is t a multiple of 5?
True
Suppose 5*a + 4*p = 68, -2*a + a = p - 14. Suppose 0 = 5*v - v - a. Suppose -63 - 45 = -v*l. Does 18 divide l?
True
Le